 Suppose 0 = m + 5*i + g, -3*m + i + 3 = -4*m. Let q = m - -22. What is the greatest common factor of 12 and q?
12
Let u(v) = -4*v**3 - 6*v**2 - 4*v + 3. Let n = -60 - -63. Let p be u(n). Let r be 2/4 + p/(-18). Calculate the highest common factor of r and 50.
10
Let f = 136 + -99. Suppose f*g - 14674 = 15*g. What is the greatest common divisor of g and 29?
29
Let r be (-30)/14*-256 - (-8)/(-14). Let s = -544 + r. What is the highest common factor of s and 128?
4
Let x(t) = -35*t + 35. Let z be x(1). Suppose z = -9*o - 8 + 62. Calculate the highest common divisor of 942 and o.
6
Let y(q) = -5*q + 241. Let h be y(-8). Suppose 0 = -5*k - 1218 + 308. Let w = h + k. Calculate the greatest common divisor of w and 9.
9
Let h = 2230 - 2165. Let l be -1 - (-1 - 5)/1. Calculate the greatest common divisor of h and l.
5
Let i(q) = -q**3 + 4*q**2 + 14*q - 3. Let w be i(6). Let l = 5 - 3. What is the greatest common divisor of l and w?
1
Let h(s) = -4*s - 14. Let k be h(-11). Let t = -22 + k. Calculate the greatest common divisor of 1 and t.
1
Suppose 4*g - 3*t = 14620, 2*g + 4*t = t + 7328. What is the greatest common factor of 62 and g?
62
Suppose -35*j + 62 = -4*j. Suppose 4*n - 172 = 3*z - 71, -2*n = j*z - 40. What is the greatest common divisor of 69 and n?
23
Let g be 2*3*10/15. Let u be (g - (-462)/24) + 6/8. What is the highest common divisor of 56 and u?
8
Let s(i) = 13*i + 506. Let g be s(34). Calculate the greatest common factor of 48 and g.
12
Suppose -132*b - 531 = -135*b. Let t = 179 - b. What is the highest common divisor of t and 5?
1
Let j(y) = -2*y + 45. Let t be j(-17). Let d = t - 66. What is the greatest common divisor of d and 2?
1
Suppose 76*a + 107*a - 96*a - 14790 = 0. Calculate the greatest common factor of 1207 and a.
17
Suppose -229 = -4*r + z + 140, 3*r - 5*z = 281. Suppose -4*g - 15 = -w, -g = -w - 7 + 28. Calculate the greatest common factor of r and w.
23
Let x = 296 - 278. Calculate the greatest common divisor of 1374 and x.
6
Let v be 747/2 + 2484/552. What is the highest common divisor of 4494 and v?
42
Let g = -2 + 3. Suppose 4*i - 46 = 2*p, -i + 3*p - 5*p = 1. Suppose 0 = -i*a + 5*a + 20, -4*a = 2*m - 26. Calculate the greatest common divisor of g and m.
1
Let z be (46/184)/((-41)/(-20) - 2). Suppose 5*r - 8*r - 200 = -z*b, 0 = -b + 5*r + 62. Calculate the greatest common divisor of 1221 and b.
37
Let m be ((-85)/2)/((-40)/20880). What is the highest common factor of 45 and m?
45
Suppose 24*g - 86 = 92 - 154. Calculate the greatest common divisor of 1396 and g.
1
Let w = 40 - 12. Let b(j) = -j**2 + 8*j + 16. Let q be b(9). Suppose u + 4*t = q*t - 2, 0 = -3*t + 9. Calculate the highest common divisor of u and w.
7
Let q = -1600 - -1634. Suppose 0 = -b + 471 - 29. What is the highest common divisor of b and q?
34
Suppose c = -2*t + 29, -3*t + 52 = c + 8. Let w be (15/8 - 2)/(3/(-12)*26/52). Calculate the highest common factor of t and w.
1
Let o = -9002 - -13775. What is the greatest common divisor of o and 555?
111
Let o = 20790 + -20661. What is the highest common factor of o and 2408?
43
Let o = 736 + -663. Suppose -3*p + 5*x + 256 = 0, 78 = 5*x + o. Calculate the highest common divisor of 1392 and p.
87
Suppose 48 = -2430*p + 2432*p. Calculate the greatest common divisor of 24900 and p.
12
Let h(d) = d + 10 + d**3 + 12123*d**2 - 12130*d**2 + 4*d. Let z be 224/42 - (-4)/6. Let c be h(z). Calculate the greatest common divisor of c and 10.
2
Let s be 7 + ((-20)/(-12) - (-492)/18). Calculate the greatest common factor of s and 738.
18
Let s be (-10)/3*((-3)/1 - 117/(-78)). Calculate the greatest common divisor of 185 and s.
5
Let f be ((-96)/(-36))/(4/84). What is the highest common divisor of 1736 and f?
56
Suppose -30*k - 1807 - 2297 = -87*k. What is the highest common divisor of k and 3?
3
Suppose -11*l + 28 = -18*l. Let r(s) = s**2 - 12*s - 49. Let k be r(l). What is the greatest common factor of k and 480?
15
Suppose -4*y = -8 - 4. Suppose y + 252 = 5*p. Suppose 7*h + p = 8*h. Calculate the greatest common factor of 34 and h.
17
Let y(i) = -i + 26. Let a = 17 + 0. Let w be y(a). Calculate the highest common divisor of 12 and w.
3
Let r(s) = s**2 + 5*s + 10. Let m(y) = -3*y + 11. Let v be m(5). Let c be r(v). Suppose h = c*h - 10. Calculate the highest common divisor of 3 and h.
1
Let n = -9322 - -16505. What is the greatest common divisor of n and 11?
11
Let q(z) = 15*z**2 + 3*z + 7. Let r be q(3). Let u = r - 34. Let t be (1 - (1 + -1))*9. Calculate the greatest common factor of u and t.
9
Let s = -2175 + 6111. Let f be (s/5)/6*30/6. What is the highest common factor of f and 41?
41
Let l = -21 + 37. Let m = 30 - l. Let x = m + -5. What is the greatest common factor of x and 81?
9
Let r = -40160 - -41056. What is the highest common factor of 2048 and r?
128
Let i = 183 - 261. Let r = i - -100. What is the greatest common divisor of 77 and r?
11
Let m(i) be the third derivative of i**5/30 - i**4/8 - i**2. Let r be m(2). Suppose -7*o + r*o + 120 = 0. Calculate the highest common divisor of 36 and o.
12
Let s be 130/14 + (-30)/7 + 4. Let j be 24 + 0 - 54/s. Calculate the highest common divisor of j and 162.
18
Suppose 0 = -4*z + 18*z - 3*z - 99. Calculate the highest common divisor of z and 6030.
9
Let q = 95 + -84. Suppose 3*s = -25 + 10. Let l = s - -16. Calculate the highest common factor of l and q.
11
Suppose 3*b + 6*k - 10*k - 4850 = 0, 1590 = b + 4*k. Calculate the greatest common divisor of b and 23.
23
Suppose -2*c - 115 = 3*c. Let a = c + 40. Let n = -35 + 154. What is the highest common divisor of a and n?
17
Suppose 2*v = -10*j + 8*j + 218, -j - 451 = -4*v. Calculate the highest common divisor of 208 and v.
16
Let z be (-6)/(-84)*-8*(-21)/3. Suppose -5*g + 20 = -5*r, 0 = -z*g - 0*g + r + 16. Calculate the greatest common divisor of g and 10.
2
Let z be 1/1*-18*12/(-36). Suppose z*p = p + 20. Let f be 660/9 - 2 - p/(-6). What is the highest common divisor of 108 and f?
36
Let s = 2786 - 2767. Calculate the highest common divisor of s and 2432.
19
Let f(m) = m**2 + 5*m + 8. Let w be f(13). Let y(v) = -4*v + 28. Let q be y(7). Suppose 3*h + 4*h - 154 = q. Calculate the highest common factor of h and w.
22
Let m = -32 + -220. Let q = m + 266. Calculate the greatest common factor of 35 and q.
7
Let v = -23622 + 23766. Let z = -196 + 292. What is the greatest common divisor of v and z?
48
Suppose 0 = -d - 5*t + 283, -2*d = -5*d + 3*t + 777. Calculate the highest common factor of 23670 and d.
263
Let p be 10/12 - 635/(-30). Suppose q + 2*l - p = 0, 0 = 3*q - 2*l + 6*l - 72. What is the greatest common factor of q and 36?
4
Suppose -3*s + 3*u = -0*s - 87, 4 = 2*u. Let b = 33 - s. Let l be (10/30)/(b/126 - 0). Calculate the highest common factor of l and 168.
21
Let o be (1625/10)/(-13)*16/(-5). Suppose 0 = 8*g - 976 + o. Calculate the highest common divisor of 13 and g.
13
Let a(f) = -109*f - 3. Let r be a(-2). Suppose 922*s - 920*s + 2*v - 88 = 0, -2*s + 2*v = -84. What is the highest common factor of r and s?
43
Let m(w) = 8*w**2 + 3*w + 19. Let v(r) = -r**2 + 11*r - 12. Let c be v(9). Let j be m(c). What is the greatest common factor of 65 and j?
65
Suppose 9*l = -5*h + 627, 130 - 489 = -5*l - h. What is the highest common factor of 16571 and l?
73
Let m be (122/(-610))/((-2)/1460). Calculate the greatest common divisor of m and 1387.
73
Suppose 3*o - 1421 = 2*f, -f + 2358 - 931 = 3*o. What is the highest common factor of 247 and o?
19
Let i be 19/(-2)*(-10)/5. Suppose 32 = 5*q - b, 3*q - i = 3*b + 5. What is the greatest common divisor of q and 27?
3
Let d = -289 + 449. Suppose 5*l = 2*o + d, 8*l - 3*l + 5*o = 125. Calculate the greatest common divisor of 70 and l.
10
Let m be 21/4 - (-2)/(-8). Suppose 0 = m*g - 19 - 56. Let t(d) = -138*d**2 + 538*d + 86. Let y be t(4). Calculate the highest common factor of y and g.
15
Suppose -4*w - n = -226, -w + 50 = -51*n + 48*n. Calculate the highest common factor of w and 441.
7
Suppose -2*b = 5*s - 690, 6*b = 10*b + 4*s - 1344. What is the highest common factor of 726 and b?
66
Suppose 0 = 16*g - 267 - 117. Let l(i) = -2*i + 57. Let t be l(g). What is the highest common factor of t and 747?
9
Suppose -5*q = -4*b - 152, -13*q + 18*q + 5*b = 170. What is the highest